{"id":1145,"date":"2016-04-07T21:47:01","date_gmt":"2016-04-08T02:47:01","guid":{"rendered":"https:\/\/jilotzingo.net\/elpueblo\/medio-fisico\/"},"modified":"2016-04-07T21:47:01","modified_gmt":"2016-04-08T02:47:01","slug":"medio-fisico","status":"publish","type":"page","link":"https:\/\/jilotzingo.net\/?page_id=1145","title":{"rendered":"Medio f\u00edsico"},"content":{"rendered":"<p><b>San Marcos Jilotzingo<\/b> es uno de los diez pueblos del municipio de Hueypoxtla, en el Estado de M\u00e9xico, M\u00e9xico.<\/p>\n<h2><span id=\\\\\\\"Toponimia\\\\\\\" class=\\\\\\\"mw-headline\\\\\\\">Toponimia<\/span><\/h2>\n<hr \/>\n<p>La palabra <strong>Jilotzingo<\/strong> tiene dos acepciones a saber, aunque las dos tienen un origen N\u00e1huatl.<\/p>\n<p>La primera es la que dice que proviene de:<\/p>\n<ul>\n<li>xilotl: elote, ma\u00edz, mazorca lechosa<\/li>\n<li>tzin: cimiento o base<\/li>\n<li>co: lugar<\/li>\n<\/ul>\n<p>Entonces el significado ser\u00eda \u201c<strong>El lugar donde abundan las cosechas de maiz<\/strong>\u201c.<\/p>\n<p>La segunda del mismo origen es derivado de:<\/p>\n<ul>\n<li>xilo: diosa del maiz<\/li>\n<li>tzin: part\u00edcula reverencial<\/li>\n<li>co: en<\/li>\n<\/ul>\n<p>Que en conjunto se traducen como \u201c<strong>donde se venera a Xilonen<\/strong>\u201c.<\/p>\n<h2><strong>Xilonen<\/strong><\/h2>\n<p>Chicomec\u00f3atl ( \u2018siete serpiente\u2019\u2018 del N\u00e1uatl chicome \u201csiete\u201d; coatl \u201cserpiente\u201d) era la diosa mexica de la subsistencia, en especial del ma\u00edz, principal patrona de la vegetaci\u00f3n y, por extensi\u00f3n, diosa tambi\u00e9n de la fertilidad. Chicomec\u00f3atl era la parte femenina de Cent\u00e9otl. Se la pod\u00eda llamar tambi\u00e9n <strong>Xilonen<\/strong> (\u2018la peluda\u2019), refiri\u00e9ndose a las barbas del ma\u00edz en vaina, se la consideraba \u00abjoven madre del jilote [ma\u00edz tierno]\u00bb, as\u00ed era protectora de una de las fases del ciclo del ma\u00edz. <strong>Xilonen<\/strong> tambi\u00e9n pod\u00eda ser llamada Centeoc\u00edhatl y se encontraba casada con Tezcatlipoca. Otra forma asociada a Chicomecoatl es Ilamatecuhtli (\u2018anciana dignataria\u2019, \u2018ama anciana\u2019) la mazorca madura, cubierta por hojas arrugadas y amarillentas.<\/p>\n<p><a href=\\\\\\\"http:\/\/hueypoxtla.mx\/site\/?attachment_id=398\\\\\\\" rel=\\\\\\\"attachment wp-att-398\\\\\\\"><img class=\\\\\\\"size-full wp-image-398 aligncenter disappear appear\\\\\\\" src=\\\\\\\"http:\/\/i0.wp.com\/hueypoxtla.mx\/site\/wp-content\/uploads\/2012\/09\/xilonen.jpg?resize=559%2C600\\\\\\\" sizes=\\\\\\\"(max-width: 559px) 100vw, 559px\\\\\\\" srcset=\\\\\\\"http:\/\/i0.wp.com\/hueypoxtla.mx\/site\/wp-content\/uploads\/2012\/09\/xilonen.jpg?resize=280%2C300 280w, http:\/\/i0.wp.com\/hueypoxtla.mx\/site\/wp-content\/uploads\/2012\/09\/xilonen.jpg?w=559 559w\\\\\\\" alt=\\\\\\\"xilonen\\\\\\\" width=\\\\\\\"559\\\\\\\" height=\\\\\\\"600\\\\\\\" \/><\/a><\/p>\n<h2><span id=\\\\\\\"Glifo\\\\\\\" class=\\\\\\\"mw-headline\\\\\\\">Glifo<\/span><\/h2>\n<hr \/>\n<p>El glifo de la comunidad representa el valle de la regi\u00f3n con los campos arados, con las monta\u00f1as que lo rodean al fondo que demarcan sus limites con otros estados vecinos, al centro un mont\u00f3n de tierra con una ca\u00f1a de ma\u00edz con el nacimiento de unas mazorcas en fondo blanco; rodeadas con la leyenda \u201cSAN MARCOS JILOTZINGO\u201d; en la parte baja una proyecci\u00f3n del mapa f\u00edsico del Estado de M\u00e9xico donde se se\u00f1ala la ubicaci\u00f3n del Municipio de Hueypoxtla con una combinaci\u00f3n de los colores del l\u00e1baro patrio. El glifo se utiliza desde su creaci\u00f3n a partir de 1998.<\/p>\n<h2><span id=\\\\\\\"Medio_f.C3.ADsico\\\\\\\" class=\\\\\\\"mw-headline\\\\\\\">Medio f\u00edsico<\/span><\/h2>\n<hr \/>\n<h3><span id=\\\\\\\"Ubicaci.C3.B3n_y_extensi.C3.B3n\\\\\\\" class=\\\\\\\"mw-headline\\\\\\\">Ubicaci\u00f3n y extensi\u00f3n<\/span><\/h3>\n<p>San Marcos Jilotzingo est\u00e1 situado en la parte norte del estado de M\u00e9xico. Limita al norte con el estado de Hidalgo, sobre la cuenca del valle de M\u00e9xico as\u00ed como en la antesala del valle del Mezquital; al sur con el municipio de Zumpango y San Juan Zitlaltepec; por el este Tizayuca y San Bartolo Cuautlalpan; y al oeste con Apaxco y Tequisquiac.<\/p>\n<p>Se encuentra a 2.200\u00a0msnm y a poco m\u00e1s de 90\u00a0km al noreste del Distrito Federal, contrastando as\u00ed con el paisaje semiurbano rural.<\/p>\n<p>Tiene una extensi\u00f3n superficial de 3.872\u00a0ha, en las cuales se conforman m\u00e1s de 620 ejidatarios. Esta extensi\u00f3n forma parte de los 246,95\u00a0km\u00b2 que conforman el municipio de Hueypoxtla.<\/p>\n<h3><span id=\\\\\\\"Geolog.C3.ADa\\\\\\\" class=\\\\\\\"mw-headline\\\\\\\">Geolog\u00eda<\/span><\/h3>\n<p>Forma parte del valle de M\u00e9xico con extensiones onduladas y peque\u00f1as elevaciones hasta tocar con el l\u00edmite del municipio de Hueypoxtla.<\/p>\n<p>Su formaci\u00f3n data de un poco m\u00e1s de un mill\u00f3n de a\u00f1os, con la aparici\u00f3n de la sierra de Chichinuatizin, dentro de la cual se form\u00f3 la zona caliza de Hueypoxtla, Tequisquiac y Apaxco. En la actualidad se pueden observar colonias de f\u00f3siles de moluscos en un mar que exist\u00f3 por estas tierras hace un poco m\u00e1s de 100 millones de a\u00f1os.<\/p>\n<h3><span id=\\\\\\\"Clima\\\\\\\" class=\\\\\\\"mw-headline\\\\\\\">Clima<\/span><\/h3>\n<p>Por su latitud, las condiciones del clima son determinantes. Influye en ello el clima templado semi-seco con d\u00edas fr\u00edos de acuerdo a las condiciones imperantes y adem\u00e1s por su cercan\u00eda con el Estado de Hidalgo. Aun as\u00ed la precipitaci\u00f3n media anual est\u00e1 entre los 500 y 700 mil\u00edmetros con vientos dominantes que provengan del norte.<\/p>\n<h2><span id=\\\\\\\"Flora\\\\\\\" class=\\\\\\\"mw-headline\\\\\\\">Flora<\/span><\/h2>\n<hr \/>\n<p>La existencia de ciertas especies son consecuencia de los factores propios del clima que domina de esta forma se cuentan con las siguientes especies: casuarina, pino, trueno y fresno. Mientras que por las especies frutales se cuentan especies como durazno, higo, peral, zapote negro o ciruelo. mientras dentro de las legumbrse y gram\u00edneas se cuenta con ma\u00edz, frijol, haba, nopal, quelite, cebada, calabaza, chayote, cebolla, verdolaga y trigo.<\/p>\n<p>Tambi\u00e9n hay plantas medicinales como aloe, siempreviva, manzanilla, ajenjo, gordolobo, epazote, marrubio, ruda o valeriana. Asimismo, hay plantas ornamentales como alcatraz, plumbago, rosa, laurel, azucena, nopalillo, violeta o madreselva.<\/p>\n<p>Entre las plantas cactaceas destacan escobilla, huizache, card\u00f3n y biznaga.<\/p>\n<h2><span id=\\\\\\\"Fauna\\\\\\\" class=\\\\\\\"mw-headline\\\\\\\">Fauna<\/span><\/h2>\n<hr \/>\n<p>Dada la escasez de bosques y regiones arboladas, s\u00f3lo se llegan a encontrar en forma ocasional: conejos, ardillas, tuzas, zorrillos, zarig\u00fceyas, ratones de campo, lagartijas, camaleones y jaguarund\u00edes. En la zona se encuentran aves como perdices, golondrinas, codornices, lechuzas, cenzontles, b\u00fahos, canarios, o garzas blancas. Algunas de las aves son migratorias y realizan viajes estacionales regulares en las \u00e9pocas de migraci\u00f3n desde otros lugares hacia la zona lacustre de Zumpango.<\/p>\n<h2><span id=\\\\\\\"Demograf.C3.ADa\\\\\\\" class=\\\\\\\"mw-headline\\\\\\\">Demograf\u00eda<\/span><\/h2>\n<hr \/>\n<p>De acuerdo al \u00faltimo censo de poblaci\u00f3n, San Marcos Jilotzingo cuenta con 16.430 habitantes (13.221 hombres y 13.209 mujeres) y se considera un incremento poblacional del 15.87 anual.<\/p>\n<h2><span id=\\\\\\\"Divisi.C3.B3n_pol.C3.ADtica\\\\\\\" class=\\\\\\\"mw-headline\\\\\\\">Divisi\u00f3n pol\u00edtica<\/span><\/h2>\n<hr \/>\n<p>San Marcos Jilotzingo, est\u00e1 formado por 4 barrios: San Antonio, San Jos\u00e9, San Marcos, San Pedro y 2 colonias\u00a0: la colonia 2 de Julio y el Progreso.<\/p>\n<h2><span id=\\\\\\\"Organizaci.C3.B3n_administrativa\\\\\\\" class=\\\\\\\"mw-headline\\\\\\\">Organizaci\u00f3n administrativa<\/span><\/h2>\n<hr \/>\n<p>La Autoridad local depende del Municipio en forma directa aun cuando estos en todos los casos sean elegidos por votaci\u00f3n popular cuyo ejercicio es de 3 a\u00f1os todos estos de car\u00e1cter honor\u00edfico y est\u00e1n considerados como delegados y est\u00e1n coordinados por un presidente de colaboraci\u00f3n o participaci\u00f3n ciudadana que contribuye al municipio en la obra p\u00fablica.<\/p>\n<p>En materia de pol\u00edtica intervienen 3 partidos PRI, PAN Y PRD.<\/p>\n<h2><span id=\\\\\\\"Servicios_p.C3.BAblicos\\\\\\\" class=\\\\\\\"mw-headline\\\\\\\">Servicios p\u00fablicos<\/span><\/h2>\n<hr \/>\n<p>Se cuenta con el centro de salud, que proporciona servicio de lunes a viernes, un local semifijo de correos, una l\u00ednea de transportes de M\u00e9xico-Jilotzingo, dos sitios de taxis. Semanalmente hay una concentraci\u00f3n comercial con tendejones, farmacias, verduler\u00edas, poller\u00edas, carnicer\u00edas, tortiller\u00edas y otros peque\u00f1os comercios.<\/p>\n<h2><span id=\\\\\\\"Educaci.C3.B3n\\\\\\\" class=\\\\\\\"mw-headline\\\\\\\">Educaci\u00f3n<\/span><\/h2>\n<hr \/>\n<p>Para el servicio de los estudiantes se cuenta con 3 escuelas primarias (2 matutinas y 1 vespertina), 1 secundaria t\u00e9cnica, 3 jardines de ni\u00f1os oficiales (2 matutinos y 1 vespertino), la escuela preparatoria oficial n.\u00ba 204, as\u00ed como otros centros particulares, 1 biblioteca dependiente de la Red Estatal de Bibliotecas (con m\u00e1s de 5.000 vol\u00famenes en su acervo y con servicio de asesor\u00eda al Sistema de Educaci\u00f3n Abierta en primaria y secundaria). Asimismo hay una sede de la aplicaci\u00f3n de ex\u00e1menes y un taller de dibujo y pintura.<\/p>\n<h2><span id=\\\\\\\"Econom.C3.ADa\\\\\\\" class=\\\\\\\"mw-headline\\\\\\\">Econom\u00eda<\/span><\/h2>\n<hr \/>\n<p>La mayor parte de la poblaci\u00f3n activa de este rubro acude a desempe\u00f1arse a la ciudad de Pachuca de Soto o bien al Distrito Federal, principalmente sector de la construcci\u00f3n.<\/p>\n<h2><span id=\\\\\\\"Religi.C3.B3n\\\\\\\" class=\\\\\\\"mw-headline\\\\\\\">Religi\u00f3n<\/span><\/h2>\n<hr \/>\n<h3><span id=\\\\\\\"Asociaciones_religiosas\\\\\\\" class=\\\\\\\"mw-headline\\\\\\\">Asociaciones religiosas<\/span><\/h3>\n<p>Las asociaciones religiosas est\u00e1n regidas por un consejo parroquial el cual es presidido por el Pbro. Pedro Mendoza Dom\u00ednguez y lo integran 10 grupos de los cuales: C\u00edrculos B\u00edblicos, Escuela de la Cruz, Evangelizaci\u00f3n, Catequistas, Sagrado Coraz\u00f3n de Jes\u00fas, Virgen de Guadalupe, Virgen del Carmen, Adoraci\u00f3n Nocturna (Activos, Adoratrices, Tarsicios e Inesitas), Ministros Extraordinarios y J\u00f3venes (Shaday, Jeshua, Adonay Elohenu, Folklore).<\/p>\n<h3><span id=\\\\\\\"Fiestas_religiosas\\\\\\\" class=\\\\\\\"mw-headline\\\\\\\">Fiestas religiosas<\/span><\/h3>\n<ul>\n<li>El 25 de abril se venera al santo patrono San Marcos Evangelista;<\/li>\n<li>el 6 de agosto al Divino Salvador;<\/li>\n<li>tambi\u00e9n hay fiestas el 12 de diciembre;<\/li>\n<li>y en Semana Santa.<\/li>\n<\/ul>\n<h3>Im\u00e1genes Religiosas<\/h3>\n<ul>\n<li>Imagen del <strong>Divino Salvador<\/strong>, encontrada en el cerro de Guahutcingo, Hidalgo, primero se traslad\u00f3 a Tizayuca Hidalgo, pero los hacendados decidieron traerla para jilotzingo, los motivos se ignoran.<\/li>\n<li>Imagen de la pur\u00edsima Concepci\u00f3n Fue donada por Don Rafael Ortiz de la Huerta y tra\u00edda de la hacienda de casa blanca.<\/li>\n<li>Imagen del Patrono se\u00f1or San Marcos, donada por Don Rafael Ortiz de la Huerta.<\/li>\n<li>Imagen de la Virgen del Carmen, donada por las Carmelitas del convento de Tacubaya.<\/li>\n<li>Imagen de la Virgen del Transtito, del Sagrado Coraz\u00f3n de Jesus,y el armonio, fueron donados por Don Jose Montiel due\u00f1o de la casa Grande.<\/li>\n<li>Las primeras campanas del templo las dono Don Rafael Ortiz de la Huerta due\u00f1o de la hacienda de casa blanca.<\/li>\n<\/ul>\n<h1>Personajes ilustres<\/h1>\n<hr \/>\n<ul>\n<li>Francisco Montiel: gestion\u00f3 la erecci\u00f3n de la parr\u00f3quia, donador del predio para construir la escuela primaria.<\/li>\n<li>Librado Zamora: guerrillero zapatista asesinado el d\u00eda 15 de Agosto de 1916.<\/li>\n<li>Trinidad Torres: fundador de la secci\u00f3n de la adoraci\u00f3n nocturna.<\/li>\n<li>Maria Montiel, Concepci\u00f3n Sosa, Soledad Mendoza, Donato Jim\u00e9nez, Melquiadez Ter\u00e1n, encargados de organizar las fiestas patrias en los a\u00f1os curenta y cincuenta.<\/li>\n<li>Felipe Torres Guerra, director de la representaci\u00f3n de la pasi\u00f3n de Jesucristo, autor de una peque\u00f1a investigaci\u00f3n titulada San Marcos Jilotzingo \u201cBreve rese\u00f1a hist\u00f3rica\u201d.<\/li>\n<\/ul>\n<h2><span id=\\\\\\\"Referencias\\\\\\\" class=\\\\\\\"mw-headline\\\\\\\">Referencias<\/span><\/h2>\n<div class=\\\\\\\"listaref\\\\\\\">\n<hr \/>\n<\/div>\n<div id=\\\\\\\"mw-content-text\\\\\\\" class=\\\\\\\"mw-content-ltr\\\\\\\" dir=\\\\\\\"ltr\\\\\\\" lang=\\\\\\\"es\\\\\\\">\n<div class=\\\\\\\"listaref\\\\\\\">\n<ol class=\\\\\\\"references\\\\\\\">\n<li id=\\\\\\\"cite_note-INEGI-1\\\\\\\"><span class=\\\\\\\"reference-text\\\\\\\"><span class=\\\\\\\"citation web\\\\\\\">Instituto Nacional de Estad\u00edstica y Geograf\u00eda<br \/>\n<\/span><\/span><\/li>\n<li>Wikipedia<\/li>\n<li>Internet<\/li>\n<\/ol>\n<\/div>\n<\/div>\n","protected":false},"excerpt":{"rendered":"<p>San Marcos Jilotzingo es uno de los diez pueblos del municipio de Hueypoxtla, en el Estado de M\u00e9xico, M\u00e9xico. Toponimia La palabra Jilotzingo tiene dos acepciones a saber, aunque las dos tienen un origen N\u00e1huatl. La primera es la que dice que proviene de: xilotl: elote, ma\u00edz, mazorca lechosa tzin: cimiento o base co: lugar [&hellip;]<\/p>\n","protected":false},"author":1,"featured_media":0,"parent":2787,"menu_order":0,"comment_status":"closed","ping_status":"closed","template":"","meta":{"_uag_custom_page_level_css":"","ngg_post_thumbnail":0,"footnotes":""},"class_list":["post-1145","page","type-page","status-publish","hentry"],"aioseo_notices":[],"uagb_featured_image_src":{"full":false,"thumbnail":false,"medium":false,"medium_large":false,"large":false,"1536x1536":false,"2048x2048":false},"uagb_author_info":{"display_name":"Jilotzingo.Net","author_link":"https:\/\/jilotzingo.net\/?author=1"},"uagb_comment_info":0,"uagb_excerpt":"San Marcos Jilotzingo es uno de los diez pueblos del municipio de Hueypoxtla, en el Estado de M\u00e9xico, M\u00e9xico. Toponimia La palabra Jilotzingo tiene dos acepciones a saber, aunque las dos tienen un origen N\u00e1huatl. La primera es la que dice que proviene de: xilotl: elote, ma\u00edz, mazorca lechosa tzin: cimiento o base co: lugar&hellip;","jetpack_sharing_enabled":true,"jetpack_likes_enabled":true,"_links":{"self":[{"href":"https:\/\/jilotzingo.net\/index.php?rest_route=\/wp\/v2\/pages\/1145"}],"collection":[{"href":"https:\/\/jilotzingo.net\/index.php?rest_route=\/wp\/v2\/pages"}],"about":[{"href":"https:\/\/jilotzingo.net\/index.php?rest_route=\/wp\/v2\/types\/page"}],"author":[{"embeddable":true,"href":"https:\/\/jilotzingo.net\/index.php?rest_route=\/wp\/v2\/users\/1"}],"replies":[{"embeddable":true,"href":"https:\/\/jilotzingo.net\/index.php?rest_route=%2Fwp%2Fv2%2Fcomments&post=1145"}],"version-history":[{"count":0,"href":"https:\/\/jilotzingo.net\/index.php?rest_route=\/wp\/v2\/pages\/1145\/revisions"}],"up":[{"embeddable":true,"href":"https:\/\/jilotzingo.net\/index.php?rest_route=\/wp\/v2\/pages\/2787"}],"wp:attachment":[{"href":"https:\/\/jilotzingo.net\/index.php?rest_route=%2Fwp%2Fv2%2Fmedia&parent=1145"}],"curies":[{"name":"wp","href":"https:\/\/api.w.org\/{rel}","templated":true}]}}